{"id":5,"date":"2020-12-19T16:47:56","date_gmt":"2020-12-19T15:47:56","guid":{"rendered":"http:\/\/wb-sfb.machleidt.info\/ausstellung\/?page_id=5"},"modified":"2021-02-03T12:33:44","modified_gmt":"2021-02-03T11:33:44","slug":"gestalte-deine-website-mit-bloecken","status":"publish","type":"page","link":"https:\/\/wb-sfb.machleidt.info\/ausstellung\/","title":{"rendered":"Sportforum Berlin"},"content":{"rendered":"\r\n<h2 class=\"alignwide has-text-align-wide wp-block-heading\" style=\"line-height: 1.1;\">Offener zweiphasiger st\u00e4dtebaulich-freiraumplanerischer Wettbewerb<\/h2>\r\n<h3 class=\"wp-block-columns\">Anlass und Ziel<\/h3>\r\n<p><img loading=\"lazy\" decoding=\"async\" class=\"alignnone wp-image-80 size-full\" src=\"http:\/\/wb-sfb.machleidt.info\/ausstellung\/wp-content\/uploads\/2020\/12\/Schraegluftbild.jpg\" alt=\"\" width=\"1890\" height=\"1260\" srcset=\"https:\/\/wb-sfb.machleidt.info\/ausstellung\/wp-content\/uploads\/2020\/12\/Schraegluftbild.jpg 1890w, https:\/\/wb-sfb.machleidt.info\/ausstellung\/wp-content\/uploads\/2020\/12\/Schraegluftbild-300x200.jpg 300w, https:\/\/wb-sfb.machleidt.info\/ausstellung\/wp-content\/uploads\/2020\/12\/Schraegluftbild-1024x683.jpg 1024w, https:\/\/wb-sfb.machleidt.info\/ausstellung\/wp-content\/uploads\/2020\/12\/Schraegluftbild-768x512.jpg 768w, https:\/\/wb-sfb.machleidt.info\/ausstellung\/wp-content\/uploads\/2020\/12\/Schraegluftbild-1536x1024.jpg 1536w\" sizes=\"auto, (max-width: 1890px) 100vw, 1890px\" \/><\/p>\r\n\r\n\r\n\r\n\r\n\r\n<p class=\"is-layout-flex wp-container-core-columns-is-layout-9d6595d7 wp-block-columns-is-layout-flex\" style=\"font-size: 0.8em;\"><em>Schr\u00e4gluftaufnahme 2019, Quelle: Senatsverwaltung f\u00fcr Stadtentwicklung und Wohnen, \u00a9 Dirk Laubner<\/em><\/p>\r\n<h4>Ausgangssituation<\/h4>\r\n<p>Das Sportforum Berlin ist nach dem Olympiapark in Charlottenburg die zweitgr\u00f6\u00dfte landeseigene Sportst\u00e4tte und ein Zentrum des Berliner Leistungssports, in dem hochkar\u00e4tige nationale und internationale Sportevents stattfinden, Bundes- und Landeskader trainieren und Wettk\u00e4mpfe austragen. Dar\u00fcber hinaus ist das Sportforum Berlin ein wichtiges Sportareal f\u00fcr den Vereinssport.<\/p>\r\n<h4>Entwicklungsabsicht<\/h4>\r\n<p>Ziel ist es, das Sportforum Berlin langfristig f\u00fcr den Leistungssport attraktiv zu halten und zu einem nachhaltigen nationalen Spitzensportzentrum zu entwickeln. Daf\u00fcr m\u00fcssen vorhandene Anlagen modernisiert, ver\u00e4nderten Anforderungen angepasst oder durch neue ersetzt werden. Erg\u00e4nzend sind Anlagen f\u00fcr neue olympische Sportarten zu schaffen und sollen durch weitere multifunktional nutzbare Sportst\u00e4tten neue Impulse im Sportforum Berlin gesetzt werden.<\/p>\r\n<h4>Wettbewerbsziel<\/h4>\r\n<p>Der st\u00e4dtebaulich-freiraumplanerische Wettbewerb dient dazu, f\u00fcr die zuk\u00fcnftige bauliche und freir\u00e4umliche Entwicklung des Sportforums Berlin eine planerische Grundlage zu schaffen. Ziel ist es, das gesamte Areal gestalterisch aufzuwerten, Aufenthaltsqualit\u00e4ten zu schaffen und das Sportforum Berlin zu einem attraktiven innerst\u00e4dtischen Freiraum zu entwickeln, der auch die Anwohner aus den umliegenden Quartieren zum Durchqueren und Verweilen sowie aktivem Sporttreiben einl\u00e4dt. Dar\u00fcber hinaus soll das Sportforum Berlin ein eigenes Corporate Design erhalten, also eine gestalterische Einheit, die sich an bestimmten wiederkehrenden Materialien, Bepflanzungen und Ausstattungsgegenst\u00e4nden ablesen l\u00e4sst.<\/p>\r\n<h2>Wettbewerbsverfahren<\/h2>\r\n<h5><img loading=\"lazy\" decoding=\"async\" class=\"alignnone wp-image-79 size-full\" src=\"https:\/\/wb-sfb.machleidt.info\/ausstellung\/wp-content\/uploads\/2020\/12\/Zeitstrahl-e1609190849989.jpg\" alt=\"\" width=\"2303\" height=\"1036\" srcset=\"https:\/\/wb-sfb.machleidt.info\/ausstellung\/wp-content\/uploads\/2020\/12\/Zeitstrahl-e1609190849989.jpg 2303w, https:\/\/wb-sfb.machleidt.info\/ausstellung\/wp-content\/uploads\/2020\/12\/Zeitstrahl-e1609190849989-300x135.jpg 300w, https:\/\/wb-sfb.machleidt.info\/ausstellung\/wp-content\/uploads\/2020\/12\/Zeitstrahl-e1609190849989-768x345.jpg 768w, https:\/\/wb-sfb.machleidt.info\/ausstellung\/wp-content\/uploads\/2020\/12\/Zeitstrahl-e1609190849989-1536x691.jpg 1536w, https:\/\/wb-sfb.machleidt.info\/ausstellung\/wp-content\/uploads\/2020\/12\/Zeitstrahl-e1609190849989-2048x921.jpg 2048w\" sizes=\"auto, (max-width: 2303px) 100vw, 2303px\" \/><\/h5>\r\n<div class=\"wp-block-columns\">\r\n<h4>Art des Verfahrens<\/h4>\r\n<p>Der Wettbewerb wird als zweiphasiger offener Realisierungswettbewerb durchgef\u00fchrt. Das Verfahren ist anonym, die Verfasser der Arbeiten werden erst nach der Preisgerichtsentscheidung bekannt gegeben. In der ersten Phase haben 19 Teams aus Landschaftsarchitekt*innen in Zusammenarbeit mit Stadtplaner*innen und\/oder Architekt*innen einen Wettbewerbsbeitrag eingereicht. Das Preisgericht w\u00e4hlte daraus in seiner ersten Sitzung am 18.09.2020 elf Beitr\u00e4ge f\u00fcr die weitere Bearbeitung in der zweiten Wettbewerbsphase aus, die nun hier vorgestellt werden.<\/p>\r\n<h4>Die Vorschau<\/h4>\r\n<p>Die Vorschau auf die Wettbewerbsbeitr\u00e4ge bildet den Auftakt zur Entscheidung um die Preistr\u00e4ger. Als Besucher dieser Seiten haben Sie die M\u00f6glichkeit, zu jedem Wettbewerbsbeitrag einen Kommentar zu verfassen. Am 14.01.2021 wird das Preisgericht tagen und als unabh\u00e4ngiges Gremium aus den elf Einreichungen die Preistr\u00e4ger bestimmen. Ihre Kommentare werden ausgewertet und dem Preisgericht \u00fcbermittelt.<\/p>\r\n<h4>Das Preisgericht<\/h4>\r\n<p>Das Preisgericht besteht aus unabh\u00e4ngigen Fachpreisrichter*innen \u2013 freischaffenden Landschaftsarchitekt*innen, Stadtplaner*innen und Architekt*innen \u2013 und aus Sachpreisrichter*innen \u2013 Vertreter*innen der Senatsverwaltungen f\u00fcr Stadtentwicklung und Wohnen und Inneres und Sport sowie des Bezirksamts Lichtenberg. Bei der Begutachtung der Entw\u00fcrfe wird sich das Preisgericht mit den hier abgegebenen Kommentaren befassen und diese in seiner Abw\u00e4gung ber\u00fccksichtigen. Es wird eine intensive Diskussion \u00fcber die einzelnen Arbeiten f\u00fchren und am Ende eine unabh\u00e4ngige, fachlich fundierte Entscheidung \u00fcber die Auswahl der Preistr\u00e4ger treffen.<\/p>\r\n<div class=\"su-row\"><div class=\"su-column su-column-size-1-3\"><div class=\"su-column-inner su-u-clearfix su-u-trim\">Stimmberechtigte<br \/>Fachpreisrichter\/-innen<\/div><\/div> <div class=\"su-column su-column-size-2-3\"><div class=\"su-column-inner su-u-clearfix su-u-trim\">\r\n<ul>\r\n<li>Martin Rein-Cano<br \/>Landschaftsarchitekt, Berlin<\/li>\r\n<li>Irene Lohaus<br \/>Landschaftsarchitektin und Stadtplanerin, Hannover\/Dresden<\/li>\r\n<li>Christa Reicher<br \/>Stadtplanerin und Architektin, Aachen<\/li>\r\n<li>Zvonko Turkali<br \/>Architekt, Frankfurt a. M.<\/li>\r\n<li>Kunibert Wachten<br \/>Stadtplaner und Architekt, Dortmund<\/li>\r\n<\/ul>\r\n<\/div><\/div> <\/div>\r\n<div class=\"su-row\"><div class=\"su-column su-column-size-1-3\"><div class=\"su-column-inner su-u-clearfix su-u-trim\">Stellvertretende<br \/>Fachpreisrichter\/-innen<\/div><\/div> <div class=\"su-column su-column-size-2-3\"><div class=\"su-column-inner su-u-clearfix su-u-trim\">\r\n<ul>\r\n<li>Eva-Maria Boemans<br \/>Landschaftsarchitektin und Architektin, Berlin<\/li>\r\n<li>Paul Giencke<br \/>Landschaftsarchitekt, Berlin<\/li>\r\n<li>Miller Stevens<br \/>Stadtplaner, Berlin<\/li>\r\n<li>Silke Straub-Beutin<br \/>Architektin, Berlin<\/li>\r\n<\/ul>\r\n<\/div><\/div> <\/div>\r\n<\/div>\r\n<div class=\"wp-block-columns\">\r\n<div class=\"su-row\"><div class=\"su-column su-column-size-1-3\"><div class=\"su-column-inner su-u-clearfix su-u-trim\">Stimmberechtigte<br \/>Sachpreisrichter\/-innen<\/div><\/div> <div class=\"su-column su-column-size-2-3\"><div class=\"su-column-inner su-u-clearfix su-u-trim\">\r\n<ul>\r\n<li>Aleksander Dzembritzki<br \/>Senatsverwaltung f\u00fcr Inneres und Sport,<br \/>Staatssekret\u00e4r f\u00fcr Sport<\/li>\r\n<li>Klaus G\u00fcttler-Lindemann<br \/>Bezirksamt Lichtenberg von Berlin,<br \/>Leiter des Stadtentwicklungsamts<\/li>\r\n<li>Hermann-Josef Pohlmann<br \/>Senatsverwaltung f\u00fcr Stadtentwicklung und Wohnen,<br \/>Leiter Abt. V Hochbau<\/li>\r\n<li>Susanne Walter<br \/>Senatsverwaltung f\u00fcr Stadtentwicklung und Wohnen,<br \/>Leiterin Referat II D- Architektur, Stadtgestaltung, Wettbewerbe<\/li>\r\n<\/ul>\r\n<\/div><\/div> <\/div>\r\n<\/div>\r\n<div class=\"wp-block-columns\">\r\n<div class=\"su-row\"><div class=\"su-column su-column-size-1-3\"><div class=\"su-column-inner su-u-clearfix su-u-trim\">Stellvertretende<br \/>Sachpreisrichter\/-innen<\/div><\/div> <div class=\"su-column su-column-size-2-3\"><div class=\"su-column-inner su-u-clearfix su-u-trim\">\r\n<ul>\r\n<li>Gabriele Freytag<br \/>Senatsverwaltung f\u00fcr Inneres und Sport,<br \/>Leiterin der Abt. IV Sport<\/li>\r\n<li>Bernhard Heitele<br \/>Senatsverwaltung f\u00fcr Stadtentwicklung und Wohnen,<br \/>Leiter der Gruppe II D 2 &#8211; Abt. II Architektur, Stadtgestaltung, Wettbewerbe<\/li>\r\n<li>Gerhard Lutz<br \/>Senatsverwaltung f\u00fcr Stadtentwicklung und Wohnen,<br \/>Stellv. Leiter Abt. V Hochbau<\/li>\r\n<li>Ruth P\u00fctzschel<br \/>Bezirksamt Lichtenberg von Berlin,<br \/>Stadtentwicklungsamt<\/li>\r\n<\/ul>\r\n<\/div><\/div> <\/div>\r\n<\/div>\r\n<div class=\"wp-block-columns\">\r\n<h4>Ausstellung<\/h4>\r\n<p>Das Wettbewerbsergebnis wird nach der Entscheidung des Preisgerichts auf mein.berlin.de und der Internetseite der Senatsverwaltung f\u00fcr Stadtentwicklung und Wohnen ver\u00f6ffentlichet. Alle Wettbewerbsbeitr\u00e4ge werden nach der Entscheidung des Preisgerichts im Februar 2021 auf dieser Internetseite ausgestellt.<\/p>\r\n<h4>Weitere Bearbeitung<\/h4>\r\n<p>Die Senatsverwaltung f\u00fcr Stadtentwicklung und Wohnen beauftragt einen der Preistr\u00e4ger*innen mit der Ausarbeitung der Planung, die dann Grundlage f\u00fcr alle Bauvorhaben auf dem Sportforum Berlin wird, sowie mit der Entwicklung eines Corporate Designs f\u00fcr das Sportforum Berlin.<\/p>\r\n<h4>Dokumentation<\/h4>\r\n<p><a href=\"https:\/\/www.stadtentwicklung.berlin.de\/aktuell\/wettbewerbe\/ergebnisse\/2021\/sportforum\/index.shtml\" target=\"_blank\" rel=\"noopener\">https:\/\/www.stadtentwicklung.berlin.de\/aktuell\/wettbewerbe\/ergebnisse\/2021\/sportforum\/index.shtml<\/a><\/p>\r\n<p>&nbsp;<\/p>\r\n<p>Weiter zur <a href=\"https:\/\/wb-sfb.machleidt.info\/ausstellung\/aufgabenstellung\/\">Aufgabenstellung &#8230;<\/a><\/p>\r\n<\/div>\r\n","protected":false},"excerpt":{"rendered":"","protected":false},"author":1,"featured_media":0,"parent":0,"menu_order":0,"comment_status":"closed","ping_status":"closed","template":"","meta":{"footnotes":""},"class_list":["post-5","page","type-page","status-publish","hentry","comments-off"],"_links":{"self":[{"href":"https:\/\/wb-sfb.machleidt.info\/ausstellung\/wp-json\/wp\/v2\/pages\/5","targetHints":{"allow":["GET"]}}],"collection":[{"href":"https:\/\/wb-sfb.machleidt.info\/ausstellung\/wp-json\/wp\/v2\/pages"}],"about":[{"href":"https:\/\/wb-sfb.machleidt.info\/ausstellung\/wp-json\/wp\/v2\/types\/page"}],"author":[{"embeddable":true,"href":"https:\/\/wb-sfb.machleidt.info\/ausstellung\/wp-json\/wp\/v2\/users\/1"}],"replies":[{"embeddable":true,"href":"https:\/\/wb-sfb.machleidt.info\/ausstellung\/wp-json\/wp\/v2\/comments?post=5"}],"version-history":[{"count":9,"href":"https:\/\/wb-sfb.machleidt.info\/ausstellung\/wp-json\/wp\/v2\/pages\/5\/revisions"}],"predecessor-version":[{"id":948,"href":"https:\/\/wb-sfb.machleidt.info\/ausstellung\/wp-json\/wp\/v2\/pages\/5\/revisions\/948"}],"wp:attachment":[{"href":"https:\/\/wb-sfb.machleidt.info\/ausstellung\/wp-json\/wp\/v2\/media?parent=5"}],"curies":[{"name":"wp","href":"https:\/\/api.w.org\/{rel}","templated":true}]}}

<h2 class="alignwide has-text-align-wide wp-block-heading" style="line-height: 1.1;">Offener zweiphasiger städtebaulich-freiraumplanerischer Wettbewerb</h2>
<h3 class="wp-block-columns">Anlass und Ziel</h3>
<p><img loading="lazy" decoding="async" class="alignnone wp-image-80 size-full" src="http://wb-sfb.machleidt.info/ausstellung/wp-content/uploads/2020/12/Schraegluftbild.jpg" alt="" width="1890" height="1260" srcset="https://wb-sfb.machleidt.info/ausstellung/wp-content/uploads/2020/12/Schraegluftbild.jpg 1890w, https://wb-sfb.machleidt.info/ausstellung/wp-content/uploads/2020/12/Schraegluftbild-300x200.jpg 300w, https://wb-sfb.machleidt.info/ausstellung/wp-content/uploads/2020/12/Schraegluftbild-1024x683.jpg 1024w, https://wb-sfb.machleidt.info/ausstellung/wp-content/uploads/2020/12/Schraegluftbild-768x512.jpg 768w, https://wb-sfb.machleidt.info/ausstellung/wp-content/uploads/2020/12/Schraegluftbild-1536x1024.jpg 1536w" sizes="auto, (max-width: 1890px) 100vw, 1890px" /></p>





<p class="is-layout-flex wp-container-core-columns-is-layout-9d6595d7 wp-block-columns-is-layout-flex" style="font-size: 0.8em;"><em>Schrägluftaufnahme 2019, Quelle: Senatsverwaltung für Stadtentwicklung und Wohnen, © Dirk Laubner</em></p>
<h4>Ausgangssituation</h4>
<p>Das Sportforum Berlin ist nach dem Olympiapark in Charlottenburg die zweitgrößte landeseigene Sportstätte und ein Zentrum des Berliner Leistungssports, in dem hochkarätige nationale und internationale Sportevents stattfinden, Bundes- und Landeskader trainieren und Wettkämpfe austragen. Darüber hinaus ist das Sportforum Berlin ein wichtiges Sportareal für den Vereinssport.</p>
<h4>Entwicklungsabsicht</h4>
<p>Ziel ist es, das Sportforum Berlin langfristig für den Leistungssport attraktiv zu halten und zu einem nachhaltigen nationalen Spitzensportzentrum zu entwickeln. Dafür müssen vorhandene Anlagen modernisiert, veränderten Anforderungen angepasst oder durch neue ersetzt werden. Ergänzend sind Anlagen für neue olympische Sportarten zu schaffen und sollen durch weitere multifunktional nutzbare Sportstätten neue Impulse im Sportforum Berlin gesetzt werden.</p>
<h4>Wettbewerbsziel</h4>
<p>Der städtebaulich-freiraumplanerische Wettbewerb dient dazu, für die zukünftige bauliche und freiräumliche Entwicklung des Sportforums Berlin eine planerische Grundlage zu schaffen. Ziel ist es, das gesamte Areal gestalterisch aufzuwerten, Aufenthaltsqualitäten zu schaffen und das Sportforum Berlin zu einem attraktiven innerstädtischen Freiraum zu entwickeln, der auch die Anwohner aus den umliegenden Quartieren zum Durchqueren und Verweilen sowie aktivem Sporttreiben einlädt. Darüber hinaus soll das Sportforum Berlin ein eigenes Corporate Design erhalten, also eine gestalterische Einheit, die sich an bestimmten wiederkehrenden Materialien, Bepflanzungen und Ausstattungsgegenständen ablesen lässt.</p>
<h2>Wettbewerbsverfahren</h2>
<h5><img loading="lazy" decoding="async" class="alignnone wp-image-79 size-full" src="https://wb-sfb.machleidt.info/ausstellung/wp-content/uploads/2020/12/Zeitstrahl-e1609190849989.jpg" alt="" width="2303" height="1036" srcset="https://wb-sfb.machleidt.info/ausstellung/wp-content/uploads/2020/12/Zeitstrahl-e1609190849989.jpg 2303w, https://wb-sfb.machleidt.info/ausstellung/wp-content/uploads/2020/12/Zeitstrahl-e1609190849989-300x135.jpg 300w, https://wb-sfb.machleidt.info/ausstellung/wp-content/uploads/2020/12/Zeitstrahl-e1609190849989-768x345.jpg 768w, https://wb-sfb.machleidt.info/ausstellung/wp-content/uploads/2020/12/Zeitstrahl-e1609190849989-1536x691.jpg 1536w, https://wb-sfb.machleidt.info/ausstellung/wp-content/uploads/2020/12/Zeitstrahl-e1609190849989-2048x921.jpg 2048w" sizes="auto, (max-width: 2303px) 100vw, 2303px" /></h5>
<div class="wp-block-columns">
<h4>Art des Verfahrens</h4>
<p>Der Wettbewerb wird als zweiphasiger offener Realisierungswettbewerb durchgeführt. Das Verfahren ist anonym, die Verfasser der Arbeiten werden erst nach der Preisgerichtsentscheidung bekannt gegeben. In der ersten Phase haben 19 Teams aus Landschaftsarchitekt*innen in Zusammenarbeit mit Stadtplaner*innen und/oder Architekt*innen einen Wettbewerbsbeitrag eingereicht. Das Preisgericht wählte daraus in seiner ersten Sitzung am 18.09.2020 elf Beiträge für die weitere Bearbeitung in der zweiten Wettbewerbsphase aus, die nun hier vorgestellt werden.</p>
<h4>Die Vorschau</h4>
<p>Die Vorschau auf die Wettbewerbsbeiträge bildet den Auftakt zur Entscheidung um die Preisträger. Als Besucher dieser Seiten haben Sie die Möglichkeit, zu jedem Wettbewerbsbeitrag einen Kommentar zu verfassen. Am 14.01.2021 wird das Preisgericht tagen und als unabhängiges Gremium aus den elf Einreichungen die Preisträger bestimmen. Ihre Kommentare werden ausgewertet und dem Preisgericht übermittelt.</p>
<h4>Das Preisgericht</h4>
<p>Das Preisgericht besteht aus unabhängigen Fachpreisrichter*innen – freischaffenden Landschaftsarchitekt*innen, Stadtplaner*innen und Architekt*innen – und aus Sachpreisrichter*innen – Vertreter*innen der Senatsverwaltungen für Stadtentwicklung und Wohnen und Inneres und Sport sowie des Bezirksamts Lichtenberg. Bei der Begutachtung der Entwürfe wird sich das Preisgericht mit den hier abgegebenen Kommentaren befassen und diese in seiner Abwägung berücksichtigen. Es wird eine intensive Diskussion über die einzelnen Arbeiten führen und am Ende eine unabhängige, fachlich fundierte Entscheidung über die Auswahl der Preisträger treffen.</p>
<div class="su-row"><div class="su-column su-column-size-1-3"><div class="su-column-inner su-u-clearfix su-u-trim">Stimmberechtigte<br />Fachpreisrichter/-innen</div></div> <div class="su-column su-column-size-2-3"><div class="su-column-inner su-u-clearfix su-u-trim">
<ul>
<li>Martin Rein-Cano<br />Landschaftsarchitekt, Berlin</li>
<li>Irene Lohaus<br />Landschaftsarchitektin und Stadtplanerin, Hannover/Dresden</li>
<li>Christa Reicher<br />Stadtplanerin und Architektin, Aachen</li>
<li>Zvonko Turkali<br />Architekt, Frankfurt a. M.</li>
<li>Kunibert Wachten<br />Stadtplaner und Architekt, Dortmund</li>
</ul>
</div></div> </div>
<div class="su-row"><div class="su-column su-column-size-1-3"><div class="su-column-inner su-u-clearfix su-u-trim">Stellvertretende<br />Fachpreisrichter/-innen</div></div> <div class="su-column su-column-size-2-3"><div class="su-column-inner su-u-clearfix su-u-trim">
<ul>
<li>Eva-Maria Boemans<br />Landschaftsarchitektin und Architektin, Berlin</li>
<li>Paul Giencke<br />Landschaftsarchitekt, Berlin</li>
<li>Miller Stevens<br />Stadtplaner, Berlin</li>
<li>Silke Straub-Beutin<br />Architektin, Berlin</li>
</ul>
</div></div> </div>
</div>
<div class="wp-block-columns">
<div class="su-row"><div class="su-column su-column-size-1-3"><div class="su-column-inner su-u-clearfix su-u-trim">Stimmberechtigte<br />Sachpreisrichter/-innen</div></div> <div class="su-column su-column-size-2-3"><div class="su-column-inner su-u-clearfix su-u-trim">
<ul>
<li>Aleksander Dzembritzki<br />Senatsverwaltung für Inneres und Sport,<br />Staatssekretär für Sport</li>
<li>Klaus Güttler-Lindemann<br />Bezirksamt Lichtenberg von Berlin,<br />Leiter des Stadtentwicklungsamts</li>
<li>Hermann-Josef Pohlmann<br />Senatsverwaltung für Stadtentwicklung und Wohnen,<br />Leiter Abt. V Hochbau</li>
<li>Susanne Walter<br />Senatsverwaltung für Stadtentwicklung und Wohnen,<br />Leiterin Referat II D- Architektur, Stadtgestaltung, Wettbewerbe</li>
</ul>
</div></div> </div>
</div>
<div class="wp-block-columns">
<div class="su-row"><div class="su-column su-column-size-1-3"><div class="su-column-inner su-u-clearfix su-u-trim">Stellvertretende<br />Sachpreisrichter/-innen</div></div> <div class="su-column su-column-size-2-3"><div class="su-column-inner su-u-clearfix su-u-trim">
<ul>
<li>Gabriele Freytag<br />Senatsverwaltung für Inneres und Sport,<br />Leiterin der Abt. IV Sport</li>
<li>Bernhard Heitele<br />Senatsverwaltung für Stadtentwicklung und Wohnen,<br />Leiter der Gruppe II D 2 &#8211; Abt. II Architektur, Stadtgestaltung, Wettbewerbe</li>
<li>Gerhard Lutz<br />Senatsverwaltung für Stadtentwicklung und Wohnen,<br />Stellv. Leiter Abt. V Hochbau</li>
<li>Ruth Pützschel<br />Bezirksamt Lichtenberg von Berlin,<br />Stadtentwicklungsamt</li>
</ul>
</div></div> </div>
</div>
<div class="wp-block-columns">
<h4>Ausstellung</h4>
<p>Das Wettbewerbsergebnis wird nach der Entscheidung des Preisgerichts auf mein.berlin.de und der Internetseite der Senatsverwaltung für Stadtentwicklung und Wohnen veröffentlichet. Alle Wettbewerbsbeiträge werden nach der Entscheidung des Preisgerichts im Februar 2021 auf dieser Internetseite ausgestellt.</p>
<h4>Weitere Bearbeitung</h4>
<p>Die Senatsverwaltung für Stadtentwicklung und Wohnen beauftragt einen der Preisträger*innen mit der Ausarbeitung der Planung, die dann Grundlage für alle Bauvorhaben auf dem Sportforum Berlin wird, sowie mit der Entwicklung eines Corporate Designs für das Sportforum Berlin.</p>
<h4>Dokumentation</h4>
<p><a href="https://www.stadtentwicklung.berlin.de/aktuell/wettbewerbe/ergebnisse/2021/sportforum/index.shtml" target="_blank" rel="noopener">https://www.stadtentwicklung.berlin.de/aktuell/wettbewerbe/ergebnisse/2021/sportforum/index.shtml</a></p>
<p>&nbsp;</p>
<p>Weiter zur <a href="https://wb-sfb.machleidt.info/ausstellung/aufgabenstellung/">Aufgabenstellung &#8230;</a></p>
</div>
