{"id":716,"date":"2021-01-25T19:36:17","date_gmt":"2021-01-25T18:36:17","guid":{"rendered":"https:\/\/wb-sfb.machleidt.info\/ausstellung\/?page_id=716"},"modified":"2021-01-28T23:21:07","modified_gmt":"2021-01-28T22:21:07","slug":"phase-1-1001","status":"publish","type":"page","link":"https:\/\/wb-sfb.machleidt.info\/ausstellung\/phase-1-1001\/","title":{"rendered":"Phase 1 &#8211; 1001 (ausgeschieden)"},"content":{"rendered":"<div class=\"su-row\"><div class=\"su-column su-column-size-1-2\"><div class=\"su-column-inner su-u-clearfix su-u-trim\"><img loading=\"lazy\" decoding=\"async\" class=\"alignnone size-full wp-image-718 zoooom\" src=\"https:\/\/wb-sfb.machleidt.info\/ausstellung\/wp-content\/uploads\/2021\/01\/PH1_1001-scaled.jpg\" alt=\"\" width=\"1810\" height=\"2560\" srcset=\"https:\/\/wb-sfb.machleidt.info\/ausstellung\/wp-content\/uploads\/2021\/01\/PH1_1001-scaled.jpg 1810w, https:\/\/wb-sfb.machleidt.info\/ausstellung\/wp-content\/uploads\/2021\/01\/PH1_1001-212x300.jpg 212w, https:\/\/wb-sfb.machleidt.info\/ausstellung\/wp-content\/uploads\/2021\/01\/PH1_1001-768x1086.jpg 768w, https:\/\/wb-sfb.machleidt.info\/ausstellung\/wp-content\/uploads\/2021\/01\/PH1_1001-1086x1536.jpg 1086w, https:\/\/wb-sfb.machleidt.info\/ausstellung\/wp-content\/uploads\/2021\/01\/PH1_1001-1448x2048.jpg 1448w\" sizes=\"auto, (max-width: 1810px) 100vw, 1810px\" \/><\/p>\n<\/div><\/div> <div class=\"su-column su-column-size-1-2\"><div class=\"su-column-inner su-u-clearfix su-u-trim\">\n<p><strong>Central London Gardening Company, Berlin\/London<br \/>\n<\/strong>Verfasser: Alex Jones<br \/>\nMitarbeit: Marie-Luise G\u00f6tz<\/p>\n<p><strong>Behrendt Architekten, G\u00f6tz Architekten, Berlin<\/strong><br \/>\nVerfasser: Marie-Luise G\u00f6tz<\/p>\n<p><em>Hinweis: im folgenden Text verwendete Genera (Maskulinum, Femininum, Neutrum) erhalten wegen der besseren Lesbarkeit das grammatische Geschlecht des Nomens, auch wenn dieses vom biologischen Geschlecht abweichen sollte.<\/em><\/p>\n<\/div><\/div> <\/div>\n<h4>Entwurfsidee:<\/h4>\n<p>St\u00e4dtebaulich betrachtet bietet die Bebauung des vorgefundenen, heutigen Sportareals, auf dem sich diverse Geb\u00e4ude und Anlagen befinden, das Bild des zuf\u00e4llig entstandenen und wenig strukturierten Nebeneinanders von offenen Fl\u00e4chen und historisch gewachsenen Bauten.<\/p>\n<p>Unser Entwurf arbeitet mit einer Gro\u00dfform, die sich auf die alte Sportarena bezieht. Unsere Gro\u00dfform ordnet und zentriert auf angemessene Weise den Ort. Unter Bezugnahme auf historische Arenen setzt unsere Gro\u00dfform ein zeitgem\u00e4\u00dfes Zeichen.<\/p>\n<p>Die Arena ist zweigeschossig. Der innere Dachausschnitt markiert das zentrale Sportfeld (Arena). Die obere Ebene der Arena ist beidseitig verglast und bietet Raum f\u00fcr Indoor-Aktivit\u00e4ten. Die untere Ebene ist offen und dient zum Teil \u00fcberdachten Sport- und Freizeitfl\u00e4chen. Der Stadtraum fliest somit unter dem Geb\u00e4ude hindurch.<\/p>\n<p>Die Geb\u00e4udeh\u00f6he 33 Meter, Au\u00dfenradius 150 Meter, Innenradius 94 Meter, Gesamtbruttofl\u00e4che Obergescho\u00df ca. 43.000 m<sup>2<\/sup>. Geplant sind hier folgende zentrale Nutzungen: Verwaltung, Mannschafts- und Vereinsr\u00e4ume, Gastronomie, Sportmedizin, Kraftr\u00e4ume, Weiterbildung etc. Das Geb\u00e4ude ist allgemein zug\u00e4nglich, Motto \u201eSport und Bewegung mit Verweilqualit\u00e4t\u201c \u2013 Design for all.<\/p>\n<p>\u00d6kologische und klimatische Angaben:<\/p>\n<ul>\n<li>Die Wegenetze haben einen wasser- und luftdurchl\u00e4ssigen Aufbau, beziehen sich zur G\u00e4nze auf die zentrale Arena. Regenwassernutzung, dezentrale Zisternen, Versickerung minimale Versiegelung, extensive Dachbegr\u00fcnung, Retentionsaufbau.<\/li>\n<li>Regenwasserbewirtschaftung nach Vorgabe Auslobung Abb. 23 \/ 24.<\/li>\n<\/ul>\n<p>Notwendige Stellpl\u00e4tze in Hochgarage, einzelne Funktionsstellpl\u00e4tze den Sportanlagen zugeordnet.<\/p>\n<p>Allseitige Zug\u00e4nge, da die zentrale Arena mit einer H\u00f6he von 33 Metern gen\u00fcgend Orientierung bietet.<\/p>\n","protected":false},"excerpt":{"rendered":"","protected":false},"author":1,"featured_media":0,"parent":0,"menu_order":0,"comment_status":"closed","ping_status":"closed","template":"","meta":{"footnotes":""},"class_list":["post-716","page","type-page","status-publish","hentry","comments-off"],"_links":{"self":[{"href":"https:\/\/wb-sfb.machleidt.info\/ausstellung\/wp-json\/wp\/v2\/pages\/716","targetHints":{"allow":["GET"]}}],"collection":[{"href":"https:\/\/wb-sfb.machleidt.info\/ausstellung\/wp-json\/wp\/v2\/pages"}],"about":[{"href":"https:\/\/wb-sfb.machleidt.info\/ausstellung\/wp-json\/wp\/v2\/types\/page"}],"author":[{"embeddable":true,"href":"https:\/\/wb-sfb.machleidt.info\/ausstellung\/wp-json\/wp\/v2\/users\/1"}],"replies":[{"embeddable":true,"href":"https:\/\/wb-sfb.machleidt.info\/ausstellung\/wp-json\/wp\/v2\/comments?post=716"}],"version-history":[{"count":6,"href":"https:\/\/wb-sfb.machleidt.info\/ausstellung\/wp-json\/wp\/v2\/pages\/716\/revisions"}],"predecessor-version":[{"id":863,"href":"https:\/\/wb-sfb.machleidt.info\/ausstellung\/wp-json\/wp\/v2\/pages\/716\/revisions\/863"}],"wp:attachment":[{"href":"https:\/\/wb-sfb.machleidt.info\/ausstellung\/wp-json\/wp\/v2\/media?parent=716"}],"curies":[{"name":"wp","href":"https:\/\/api.w.org\/{rel}","templated":true}]}}