{"id":827,"date":"2021-01-28T22:49:02","date_gmt":"2021-01-28T21:49:02","guid":{"rendered":"https:\/\/wb-sfb.machleidt.info\/ausstellung\/?page_id=827"},"modified":"2021-01-28T23:36:15","modified_gmt":"2021-01-28T22:36:15","slug":"phase-1-1006-ausgewaehlt","status":"publish","type":"page","link":"https:\/\/wb-sfb.machleidt.info\/ausstellung\/phase-1-1006-ausgewaehlt\/","title":{"rendered":"Phase 1 &#8211; 1006 (ausgew\u00e4hlt)"},"content":{"rendered":"<div class=\"su-row\"><div class=\"su-column su-column-size-1-2\"><div class=\"su-column-inner su-u-clearfix su-u-trim\">\n<p><img loading=\"lazy\" decoding=\"async\" class=\"alignleft size-full wp-image-811 zoooom\" src=\"https:\/\/wb-sfb.machleidt.info\/ausstellung\/wp-content\/uploads\/2021\/01\/PH1_1006-scaled.jpg\" alt=\"\" width=\"1810\" height=\"2560\" srcset=\"https:\/\/wb-sfb.machleidt.info\/ausstellung\/wp-content\/uploads\/2021\/01\/PH1_1006-scaled.jpg 1810w, https:\/\/wb-sfb.machleidt.info\/ausstellung\/wp-content\/uploads\/2021\/01\/PH1_1006-212x300.jpg 212w, https:\/\/wb-sfb.machleidt.info\/ausstellung\/wp-content\/uploads\/2021\/01\/PH1_1006-768x1086.jpg 768w, https:\/\/wb-sfb.machleidt.info\/ausstellung\/wp-content\/uploads\/2021\/01\/PH1_1006-1086x1536.jpg 1086w, https:\/\/wb-sfb.machleidt.info\/ausstellung\/wp-content\/uploads\/2021\/01\/PH1_1006-1448x2048.jpg 1448w\" sizes=\"auto, (max-width: 1810px) 100vw, 1810px\" \/><\/p>\n<\/div><\/div> <div class=\"su-column su-column-size-1-2\"><div class=\"su-column-inner su-u-clearfix su-u-trim\">\n<p class=\"Bro\" style=\"margin-left: 0cm; text-align: left; text-indent: 0cm; tab-stops: 35.4pt;\" align=\"left\"><span class=\"fett\"><strong>EXTERN Garten- und Landschaftsarchitektur, Berlin<\/strong><br \/>\n<\/span><span class=\"fett\"><span style=\"font-weight: normal;\">Verfasser: Fritz Protzmann<br \/>\n<\/span><\/span><span class=\"fett\"><span style=\"font-weight: normal;\">Mitarbeit: &#8211;<\/span><\/span><\/p>\n<p class=\"Bro2\" style=\"margin-left: 0cm; text-align: left; tab-stops: 35.4pt;\" align=\"left\"><span class=\"fett\"><span style=\"font-weight: normal;\"><strong>Enno Schneider Architekten, Berlin<\/strong><br \/>\n<\/span><\/span><span class=\"fett\"><span style=\"font-weight: normal;\">Verfasser: Dr. Enno Schneider<br \/>\n<\/span><\/span><span class=\"fett\"><span style=\"font-weight: normal;\">Mitarbeit: Endrit Miftari, Niccolo Carini, Friederike Bienstein<\/span><\/span><\/p>\n<h3>Motto: Kopf, R\u00fcckgrat, neues Herz<\/h3>\n<p>Das <strong>Forum<\/strong> bekommt eine neue, \u00f6ffentliche Qualit\u00e4t durch die Verbindung von <strong>Leistungs- und Breitensport.<\/strong><\/p>\n<p><strong>Superstruktur, Hotel und Sportforum<\/strong> bilden einen Ort intensiver Nutzung und Kommunikation, sind Kopf und R\u00fcckgrat des Konzeptes.<\/p>\n<p>Das <strong>\u201eneue Herz\u201c<\/strong> ist das umdefinierte Stadion als \u00f6ffentlicher Raum mit neuer Landschaftskulisse. Das Potenzial der Topografie wird f\u00fcr die Gestaltung des Ortes genutzt und dient auch als Baustein der \u00fcberregionalen Gr\u00fcnverbindung, die \u00fcber das Friedhofsgel\u00e4nde zum Orankesee in Landschaftsbildern mit starken Kontrasten gef\u00fchrt wird. <em><br \/>\n<\/em><\/p>\n<\/div><\/div> <\/div>\n<p>Die Grundform der Sportarena wird in den Freianlagen fortgef\u00fchrt. Der Rundweg auf der Krone des Walls, \u00fcber Rampenwege barrierefrei erschlossen, fasst den \u00f6ffentlichen Park formal zusammen. Spiel-, Sport-, Pflanzzonen und eine B\u00fchne nehmen reliefartig die Form der Sportarena auf und thematisieren den \u00f6ffentlichen Schwerpunkt des Sportforums.<\/p>\n<p><strong>Sportarena,<\/strong> <strong>historische Hallen<\/strong>, <strong>Hotelturm <\/strong>und <strong>Superstruktur<\/strong> werden \u00fcber eine <strong>Platzanlage <\/strong>zusammengefasst.<\/p>\n<p>In der <strong>Superstruktur <\/strong>werden \u00fcber eine Arkade die unterschiedlichen Funktionsbereiche (Hallen, B\u00fcros, Umkleiden, etc) jeweils separat erschlossen. Die Superstruktur dient auch der Abschirmung der Wohnbauten an der Konrad Wolf Str.<\/p>\n<p>In den <strong>Freifl\u00e4chen<\/strong> dazwischen sind ruhige Leistungssportangebote vorgesehen.<\/p>\n<p>Die Fl\u00e4chennutzungen und Baulichkeiten werden entsprechend ihrer Funktionen so organisiert, dass kurze Wege die verschiedenen Sportdisziplinen zusammenfassen.<\/p>\n<p>Die <strong>Sportarena<\/strong> teilt sich auf in zwei Bereiche: Das Oval der Veranstaltungshalle ist als Solit\u00e4r in die Topgrafie des Walls des ehemaligen Stadions eingebunden, die weiteren Sporthallen der Arena sind in der Superstruktur lokalisiert, die Bereiche sind unterirdisch miteinander verbunden.<\/p>\n<p>Der <strong>Hotelturm<\/strong> setzt einen st\u00e4dtebaulichen Merkpunkt.<\/p>\n<p>Der <strong>ruhende Verkehr<\/strong> wird komplett aus dem Inneren des Sportforums an die Peripherien verlegt, die interne Erschlie\u00dfung erfolgt fu\u00dfl\u00e4ufig oder \u00fcber Mietroller und Fahrr\u00e4der. Vorhandene Parkpl\u00e4tze werden von au\u00dfen erschlossen. Die Wege werden wie Parkwege gestaltet und sind offen f\u00fcr Fu\u00dfg\u00e4nger, Fahrrad \/ Rollerfahrer und Versorgungsfahrzeuge. Unter der Platzfl\u00e4che am Wei\u00dfenseer Weg nimmt eine Tiefgarage zus\u00e4tzlichen ruhenden Verkehr bei Veranstaltungen auf und dient zugleich der Ver- und Entsorgung der Sportarena.<\/p>\n<p>F\u00fcr das <strong>Niederschlagswasser<\/strong> werden umfangreiche Versickerungsfl\u00e4chen und\/oder Zisternen vorgesehen, zudem dient der Innenraum des alten Stadions auch f\u00fcr Starkregenereignisse als Sickerfl\u00e4che.<\/p>\n<p>Die Fl\u00e4chen des <strong>Ideenteils<\/strong> im Bereich des Schulgel\u00e4ndes werden neu organisiert: Die Fritz-Lesch-Stra\u00dfe wird bis zum <strong>Orankesee<\/strong> als gradlinige <strong>Gr\u00fcnverbindung<\/strong> verl\u00e4ngert, begleitet von <strong>Neubauten f\u00fcr die Schule <\/strong>und <strong>neuen Wohnbauten<\/strong> mit ca. 12000 qm BGF.<\/p>\n<p>Der <strong>Wirtschaftshof <\/strong>erh\u00e4lt einen neuen Standort am Schnittpunkt Fritz-Lesch-Stra\u00dfe \/Friedhofsweg und liegt somit g\u00fcnstiger zum Forum, das freiwerdende Grundst\u00fcck dient dringend ben\u00f6tigtem Wohnbau.<\/p>\n<p>Zur Unterstreichung der <strong>Gr\u00fcnverbindung<\/strong> wird die Mauer zum Friedhof \u00fcber eine l\u00e4ngere Strecke an der Fritz-Lesch-Stra\u00dfe r\u00fcckgebaut. Zus\u00e4tzlich wird das Gel\u00e4nde mit dem Friedhof \u00fcber eine Wegverbindung verkn\u00fcpft, die direkt auf das Denkmal im Friedhof f\u00fchrt. Bestandsb\u00e4ume und Hecken bleiben durchweg erhalten. Es sind umfangreiche Neupflanzungen vorgesehen.<\/p>\n","protected":false},"excerpt":{"rendered":"","protected":false},"author":1,"featured_media":0,"parent":0,"menu_order":0,"comment_status":"closed","ping_status":"closed","template":"","meta":{"footnotes":""},"class_list":["post-827","page","type-page","status-publish","hentry","comments-off"],"_links":{"self":[{"href":"https:\/\/wb-sfb.machleidt.info\/ausstellung\/wp-json\/wp\/v2\/pages\/827","targetHints":{"allow":["GET"]}}],"collection":[{"href":"https:\/\/wb-sfb.machleidt.info\/ausstellung\/wp-json\/wp\/v2\/pages"}],"about":[{"href":"https:\/\/wb-sfb.machleidt.info\/ausstellung\/wp-json\/wp\/v2\/types\/page"}],"author":[{"embeddable":true,"href":"https:\/\/wb-sfb.machleidt.info\/ausstellung\/wp-json\/wp\/v2\/users\/1"}],"replies":[{"embeddable":true,"href":"https:\/\/wb-sfb.machleidt.info\/ausstellung\/wp-json\/wp\/v2\/comments?post=827"}],"version-history":[{"count":4,"href":"https:\/\/wb-sfb.machleidt.info\/ausstellung\/wp-json\/wp\/v2\/pages\/827\/revisions"}],"predecessor-version":[{"id":887,"href":"https:\/\/wb-sfb.machleidt.info\/ausstellung\/wp-json\/wp\/v2\/pages\/827\/revisions\/887"}],"wp:attachment":[{"href":"https:\/\/wb-sfb.machleidt.info\/ausstellung\/wp-json\/wp\/v2\/media?parent=827"}],"curies":[{"name":"wp","href":"https:\/\/api.w.org\/{rel}","templated":true}]}}

Phase 1 &#8211; 1006 (ausgewählt)

<div class="su-row"><div class="su-column su-column-size-1-2"><div class="su-column-inner su-u-clearfix su-u-trim">
<p><img loading="lazy" decoding="async" class="alignleft size-full wp-image-811 zoooom" src="https://wb-sfb.machleidt.info/ausstellung/wp-content/uploads/2021/01/PH1_1006-scaled.jpg" alt="" width="1810" height="2560" srcset="https://wb-sfb.machleidt.info/ausstellung/wp-content/uploads/2021/01/PH1_1006-scaled.jpg 1810w, https://wb-sfb.machleidt.info/ausstellung/wp-content/uploads/2021/01/PH1_1006-212x300.jpg 212w, https://wb-sfb.machleidt.info/ausstellung/wp-content/uploads/2021/01/PH1_1006-768x1086.jpg 768w, https://wb-sfb.machleidt.info/ausstellung/wp-content/uploads/2021/01/PH1_1006-1086x1536.jpg 1086w, https://wb-sfb.machleidt.info/ausstellung/wp-content/uploads/2021/01/PH1_1006-1448x2048.jpg 1448w" sizes="auto, (max-width: 1810px) 100vw, 1810px" /></p>
</div></div> <div class="su-column su-column-size-1-2"><div class="su-column-inner su-u-clearfix su-u-trim">
<p class="Bro" style="margin-left: 0cm; text-align: left; text-indent: 0cm; tab-stops: 35.4pt;" align="left"><span class="fett"><strong>EXTERN Garten- und Landschaftsarchitektur, Berlin</strong><br />
</span><span class="fett"><span style="font-weight: normal;">Verfasser: Fritz Protzmann<br />
</span></span><span class="fett"><span style="font-weight: normal;">Mitarbeit: &#8211;</span></span></p>
<p class="Bro2" style="margin-left: 0cm; text-align: left; tab-stops: 35.4pt;" align="left"><span class="fett"><span style="font-weight: normal;"><strong>Enno Schneider Architekten, Berlin</strong><br />
</span></span><span class="fett"><span style="font-weight: normal;">Verfasser: Dr. Enno Schneider<br />
</span></span><span class="fett"><span style="font-weight: normal;">Mitarbeit: Endrit Miftari, Niccolo Carini, Friederike Bienstein</span></span></p>
<h3>Motto: Kopf, Rückgrat, neues Herz</h3>
<p>Das <strong>Forum</strong> bekommt eine neue, öffentliche Qualität durch die Verbindung von <strong>Leistungs- und Breitensport.</strong></p>
<p><strong>Superstruktur, Hotel und Sportforum</strong> bilden einen Ort intensiver Nutzung und Kommunikation, sind Kopf und Rückgrat des Konzeptes.</p>
<p>Das <strong>„neue Herz“</strong> ist das umdefinierte Stadion als öffentlicher Raum mit neuer Landschaftskulisse. Das Potenzial der Topografie wird für die Gestaltung des Ortes genutzt und dient auch als Baustein der überregionalen Grünverbindung, die über das Friedhofsgelände zum Orankesee in Landschaftsbildern mit starken Kontrasten geführt wird. <em><br />
</em></p>
</div></div> </div>
<p>Die Grundform der Sportarena wird in den Freianlagen fortgeführt. Der Rundweg auf der Krone des Walls, über Rampenwege barrierefrei erschlossen, fasst den öffentlichen Park formal zusammen. Spiel-, Sport-, Pflanzzonen und eine Bühne nehmen reliefartig die Form der Sportarena auf und thematisieren den öffentlichen Schwerpunkt des Sportforums.</p>
<p><strong>Sportarena,</strong> <strong>historische Hallen</strong>, <strong>Hotelturm </strong>und <strong>Superstruktur</strong> werden über eine <strong>Platzanlage </strong>zusammengefasst.</p>
<p>In der <strong>Superstruktur </strong>werden über eine Arkade die unterschiedlichen Funktionsbereiche (Hallen, Büros, Umkleiden, etc) jeweils separat erschlossen. Die Superstruktur dient auch der Abschirmung der Wohnbauten an der Konrad Wolf Str.</p>
<p>In den <strong>Freiflächen</strong> dazwischen sind ruhige Leistungssportangebote vorgesehen.</p>
<p>Die Flächennutzungen und Baulichkeiten werden entsprechend ihrer Funktionen so organisiert, dass kurze Wege die verschiedenen Sportdisziplinen zusammenfassen.</p>
<p>Die <strong>Sportarena</strong> teilt sich auf in zwei Bereiche: Das Oval der Veranstaltungshalle ist als Solitär in die Topgrafie des Walls des ehemaligen Stadions eingebunden, die weiteren Sporthallen der Arena sind in der Superstruktur lokalisiert, die Bereiche sind unterirdisch miteinander verbunden.</p>
<p>Der <strong>Hotelturm</strong> setzt einen städtebaulichen Merkpunkt.</p>
<p>Der <strong>ruhende Verkehr</strong> wird komplett aus dem Inneren des Sportforums an die Peripherien verlegt, die interne Erschließung erfolgt fußläufig oder über Mietroller und Fahrräder. Vorhandene Parkplätze werden von außen erschlossen. Die Wege werden wie Parkwege gestaltet und sind offen für Fußgänger, Fahrrad / Rollerfahrer und Versorgungsfahrzeuge. Unter der Platzfläche am Weißenseer Weg nimmt eine Tiefgarage zusätzlichen ruhenden Verkehr bei Veranstaltungen auf und dient zugleich der Ver- und Entsorgung der Sportarena.</p>
<p>Für das <strong>Niederschlagswasser</strong> werden umfangreiche Versickerungsflächen und/oder Zisternen vorgesehen, zudem dient der Innenraum des alten Stadions auch für Starkregenereignisse als Sickerfläche.</p>
<p>Die Flächen des <strong>Ideenteils</strong> im Bereich des Schulgeländes werden neu organisiert: Die Fritz-Lesch-Straße wird bis zum <strong>Orankesee</strong> als gradlinige <strong>Grünverbindung</strong> verlängert, begleitet von <strong>Neubauten für die Schule </strong>und <strong>neuen Wohnbauten</strong> mit ca. 12000 qm BGF.</p>
<p>Der <strong>Wirtschaftshof </strong>erhält einen neuen Standort am Schnittpunkt Fritz-Lesch-Straße /Friedhofsweg und liegt somit günstiger zum Forum, das freiwerdende Grundstück dient dringend benötigtem Wohnbau.</p>
<p>Zur Unterstreichung der <strong>Grünverbindung</strong> wird die Mauer zum Friedhof über eine längere Strecke an der Fritz-Lesch-Straße rückgebaut. Zusätzlich wird das Gelände mit dem Friedhof über eine Wegverbindung verknüpft, die direkt auf das Denkmal im Friedhof führt. Bestandsbäume und Hecken bleiben durchweg erhalten. Es sind umfangreiche Neupflanzungen vorgesehen.</p>
